00001111001011101
In base 4, what is -11123113132 + 3120?
-11123110012
In base 12, what is -1b + 147b031?
147b012
In base 5, what is -12203113 + 100?
-12203013
In base 6, what is 53534414 - -4?
53534422
In base 8, what is 1172477 - 5?
1172472
In base 16, what is 25094e1 - 7?
25094da
In base 15, what is 3 - 104c44?
-104c41
In base 3, what is -11011120001 + 12121020?
-10221221211
In base 7, what is -16530204 + -6?
-16530213
In base 13, what is 6 + 18812a54?
18812a5a
In base 14, what is 73d + -2403d?
-23700
In base 4, what is 103020200 + 103331?
103130131
In base 11, what is -a - 1811581?
-1811590
In base 15, what is -1854e3 - 4?
-1854e7
In base 2, what is -100010011 + -10001110111100001?
-10001111011110100
In base 3, what is -20021122000222 - 1022?
-20021122002021
In base 9, what is -303855 + -137?
-304103
In base 4, what is -10200130033300 + 2?
-10200130033232
In base 4, what is 2 - 13132330233?
-13132330231
In base 11, what is 19 + 561526?
561544
In base 15, what is -20b6bed + -1?
-20b6bee
In base 4, what is -3022001321322 - -2?
-3022001321320
In base 9, what is -17 + 514602?
514574
In base 15, what is -1912 + -559ab?
-573bd
In base 11, what is -110 - -5a046?
59a36
In base 6, what is -214 - 43411532?
-43412150
In base 4, what is -1101321330033 + -2?
-1101321330101
In base 12, what is -1 - -1144489?
1144488
In base 12, what is -1226 - 323b?
-4465
In base 6, what is -1014 + -11551532?
-11552550
In base 3, what is 10120 + -12010210110?
-12010122220
In base 10, what is 7304 - -18?
7322
In base 15, what is 3898eca + 2?
3898ecc
In base 15, what is 343ca8 - -2c?
343cd5
In base 2, what is -10011 + -1010000000000011110000?
-1010000000000100000011
In base 9, what is -5 + -11046761?
-11046766
In base 16, what is -2 - -18cd881?
18cd87f
In base 16, what is -59a6 - 7b9?
-615f
In base 4, what is 222113 + 2302131?
3130310
In base 4, what is 11020010 - 112033?
10301311
In base 15, what is -3a9 + -2cc6?
-3180
In base 11, what is -1 - 150575?
-150576
In base 16, what is -767f52d + -5?
-767f532
In base 7, what is 151 + -113160603?
-113160422
In base 9, what is -2480528 + -17?
-2480546
In base 9, what is -1 - 121378206?
-121378207
In base 8, what is -151 + -11407241?
-11407412
In base 9, what is 0 - -37637861?
37637861
In base 11, what is -4a2797 + 12?
-4a2785
In base 4, what is 13 - 213221010332?
-213221010313
In base 13, what is -3aa + 90b?
531
In base 3, what is -10122 + -111010020211?
-111010101110
In base 5, what is -2121121340 - -1?
-2121121334
In base 16, what is 3d185 + -49?
3d13c
In base 14, what is 331 + -2a893?
-2a562
In base 5, what is 3 + -102123300?
-102123242
In base 15, what is 2 + 247990?
247992
In base 3, what is 2002 - 21101101220021?
-21101101211012
In base 16, what is -121b411 - 1?
-121b412
In base 15, what is 93 + -100a9d?
-100a0a
In base 6, what is 23 + -5042033?
-5042010
In base 4, what is -13211002 + 1233321?
-11311021
In base 2, what is 10111 + 101111011101110100101111?
101111011101110101000110
In base 4, what is 11 - 2011000300310?
-2011000300233
In base 3, what is 11102 - 12001020111221?
-12001020100112
In base 14, what is 0 + 30296a5d?
30296a5d
In base 10, what is -12 - -1112953?
1112941
In base 2, what is 100100010110010100010001 + -10?
100100010110010100001111
In base 16, what is 14eec18 - d?
14eec0b
In base 8, what is -200376206 + -5?
-200376213
In base 10, what is 569028 - 824?
568204
In base 3, what is -1112102112111022 + -2022?
-1112102112120121
In base 8, what is 1512 + 2365?
4077
In base 14, what is -6 - -d56dba?
d56db4
In base 3, what is -11 + 1200201110021111?
1200201110021100
In base 5, what is -11 - 1244232300?
-1244232311
In base 5, what is 130 - -24403442441?
24403443121
In base 13, what is 0 + 48604755?
48604755
In base 14, what is 7b - -d4ad?
d54a
In base 12, what is -1717 + -71517?
-73032
In base 8, what is 2000 + -122663?
-120663
In base 9, what is -460 - -34338?
33768
In base 7, what is 30330426 + 10?
30330436
In base 3, what is -21110121111021101 - -2?
-21110121111021022
In base 10, what is -163031083 + -4?
-163031087
In base 7, what is 51330 + 423?
52053
In base 14, what is -78d288 - -4?
-78d284
In base 14, what is -4673 - -23d?
-4434
In base 3, what is -21221000 - -2002001?
-12211222
In base 6, what is 3521 - -255011?
302532
In base 5, what is 24303314414 + 10?
24303314424
In base 5, what is -2041244321 - -1440?
-2041242331
In base 2, what is 10011101011111011010010101 - 0?
10011101011111011010010101
In base 5, what is -3 - 34233201023?
-34233201031
In base 15, what is 31 + 14a340?
14a371
In base 14, what is 2ca73 + -b6?
2c99b
In base 13, what is -2 - 8739556?
-8739558
In base 7, what is -2130532660 + -2?
-2130532662
In base 3, what is -221202112010010 - -21?
-221202112002212
In base 12, what is -21 + 870a1?
87080
In base 12, what is 1b037 + 608?
1b643
In base 13, what is -1 + 2b567b?
2b567a
In base 16, what is -3a9a1 - 56?
-3a9f7
In base 7, what is -3360 - 12556?
-16246
In base 9, what is -487027756 + 1?
-487027755
In base 5, what is 23100003 - -21122?
23121130
In base 10, what is 86145152 + -1?
86145151
In base 6, what is -24 - -20041211?
20041143
In base 7, what is 51 - 126046161?
-126046110
In base 3, what is 122122221 - -21102?
122221100
In base 5, what is -21444144134 + -4?
-21444144143
In base 15, what is -1 + 5a7493?
5a7492
In base 6, what is 3243550 + -110?
3243440
In base 3, what is 20011 + -2210020100202?
-2210020010121
In base 10, what is -11 - -118350?
118339
In base 16, what is c10c + 1a0?
c2ac
In base 9, what is 188201558 - 4?
188201554
In base 5, what is 3 + 422441023?
422441031
In base 13, what is 25 + -28a6cc?
-28a6a7
In base 15, what is 2a6c + -10ce?
198d
In base 9, what is 3648873 - 21?
3648852
In base 14, what is -c2b291 + 35?
-c2b25a
In base 13, what is -5 - 104c7a?
-104c82
In base 5, what is -301231400211 - -4?
-301231400202
In base 11, what is 9 + -8a90094?
-8a90086
In base 2, what is 11000011111110100100110010 - 10111?
11000011111110100100011011
In base 15, what is -205d + -22c?
-228a
In base 13, what is -6 + 76786?
76780
In base 4, what is -3211210100 - -13?
-3211210021
In base 10, what is -4 - -24094025?
24094021
In base 13, what is 47ac - 3009?
17a3
In base 16, what is 1 + c3bc34?
c3bc35
In base 15, what is -16a7e - 54?
-16ad3
In base 7, what is 2 + -2215656202?
-2215656200
In base 4, what is -111221130 + 100?
-111221030
In base 10, what is -837 - 177185?
-178022
In base 15, what is -29 + ccdeb?
ccdc2
In base 9, what is -28147503 + 3?
-28147500
In base 13, what is 0 - -530c48?
530c48
In base 3, what is 22010210221 - -21101?
22011002022
In base 11, what is -40769 + -148?
-40906
In base 15, what is -e08758 + 1a?
-e0873d
In base 5, what is -210104 + 420131?
210022
In base 5, what is 1131 + -40033022?
-40031341
In base 11, what is -2a90736aa + -3?
-2a9073702
In base 3, what is 101111 - -10012210102002?
10012210210120
In base 5, what is -1400242 + 4243?
-1340444
In base 12, what is -82a719 + -1?
-82a71a
In base 7, what is -42 + -641216?
-641261
In base 4, what is -3 + -21203131003?
-21203131012
In base 10, what is 112 + 151259?
151371
In base 8, what is 6164720 - -2?
6164722
In base 14, what is -3087b9a - 1?
-3087b9b
In base 14, what is 5c2388 - -14?
5c239c
In base 12, what is -8 + 23947075?
23947069
In base 5, what is 1340021100 - -1?
1340021101
In base 2, what is -1001101 - -1001011111010011101100?
1001011111010010011111
In base 6, what is 4344555 + 311?
4345310
In base 13, what is 33acb07 - 3?
33acb04
In base 2, what is 100001010011110000 + 110101111111?
100010001001101111
In base 10, what is 19142814 - -18?
19142832
In base 2, what is -10 + -11100110101110001111?
-11100110101110010001
In base 3, what is 20020 + -222220022?
-222200002
In base 13, what is -142c2496 + -3?
-142c2499
In base 16, what is -4e1d63 + 3?
-4e1d60
In base 3, what is 20022 - 1000110112011?
-1000110021212
In base 3, what is 211100202 + -20122?
211010010
In base 4, what is 213303113211 + -1?
213303113210
In base 5, what is -1 + 30221330144?
30221330143
In base 14, what is 8659b48 - -12?
8659b5a
In base 10, what is 0 - -19432030?
19432030
In base 2, what is 11 - -10011100101010001100101000?
10011100101010001100101011
In base 13, what is -577331a - 0?
-577331a
In base 9, what is -8 - -11543220?
11543211
In base 15, 